t t(s) = s - 3. Let j be t(-7). Let y be 35/14*8/j. What is o(y)?
1
Let d = -256 + 260. Let c(m) = m**3 - 3*m**2 - 5*m + 1. What is c(d)?
-3
Let x(o) = -o - 2. Suppose -13*l + 11*l = -140. Suppose 11*a = a - l. Calculate x(a).
5
Let k(z) = -z**3 + 7*z**2 - 2*z + 5. Suppose 2*s = 2*b - 19 + 1, 3*b = 4*s + 29. Give k(b).
-9
Let j be ((-18)/10)/((-9)/30). Suppose -a - 2*a = j. Let f(l) be the second derivative of l**5/20 + l**4/4 + l**3/6 - l**2/2 + 3*l. Calculate f(a).
1
Let j = 13 + -9. Suppose 5*i - 2 = j*i. Let v(x) = 4 - 2*x + 0*x**2 + 0*x**2 + x**3 - 5*x**i. What is v(5)?
-6
Let b = -5 + 7. Let l be b + 0 + -1 - -1. Let h(w) = -83*w - 12 - 12 + 81*w + 24. Give h(l).
-4
Let j(t) = -3*t + 17. Let h(z) = -z + 6. Let f(y) = -17*h(y) + 6*j(y). Suppose -5*c + 3*c = -6. Let i = c + -7. Calculate f(i).
4
Let x(u) be the first derivative of u**3/3 - 13*u**2/2 + 6*u - 317. Calculate x(6).
-36
Let s = 5 + -2. Let a be s/3 - 2/(-2). Let b(d) = -d - 4. Let i(o) = 3. Let g(z) = 4*b(z) + 5*i(z). Give g(a).
-9
Let l(t) = t**3 - 7*t**2 + 6*t - 8. Let y = 66 - 65. Let o be (-7 + 6)*y - -1*7. Calculate l(o).
-8
Suppose 0 = -k - 3*b + 4, -4*k - 3 = 4*b - 19. Let v = -37 + 39. Let t(j) = -j - 3*j**3 - 3*j - 3 - 3*j**v + 4*j**3. Calculate t(k).
-3
Let i(l) = l**3 - l**2 - 5*l + 3. Let u be i(0). Let m(c) be the second derivative of 3/2*c**2 + 0 - 7*c + 1/6*c**4 + c**u. Calculate m(-4).
11
Let b(a) = -a**3 - 11*a**2 - 10*a + 3. Let c = -252 - -242. Determine b(c).
3
Let x(z) be the third derivative of z**5/12 - 7*z**3/6 + 961*z**2. Calculate x(3).
38
Let w(z) = z + 5. Suppose v - 4 = -2. Suppose 17 = v*a - 7. Suppose 0 = 7*p - 9*p + a. Calculate w(p).
11
Let s = 5 + -1. Let w(n) be the third derivative of -n**6/360 + n**5/30 + 5*n**4/24 + n**3 + 9*n**2. Let a(r) be the first derivative of w(r). Determine a(s).
5
Let a(x) = -2*x**3 - 5*x**2 - 2*x + 3. Let y(u) = 3*u**3 + 11*u**2 + 5*u - 7. Let c(g) = 7*a(g) + 3*y(g). Give c(1).
-6
Let o(g) = -4 + 2 + 4 - 4*g**2 + 2*g. What is o(2)?
-10
Let h = -274 - -268. Let o(p) = -6*p - 6. What is o(h)?
30
Let r(j) be the third derivative of j**5/60 + j**4/3 - 10*j**3/3 + 3*j**2 - 54. What is r(-9)?
-11
Let q(c) = c**2 + c + 1. Let l = -13 - -17. Let t(v) = 5*v**3 - 5*v + 3*v**3 - 5 - 4*v**2 - 4*v**3. Let o(h) = l*q(h) + t(h). Determine o(-1).
-4
Suppose 3*y - 4*y = 0. Let l = y + 2. Let n(z) = -2*z**3 + 0*z - z + z**3 - l*z - 6*z**2. Determine n(-5).
-10
Let b(u) be the second derivative of u**5/20 + u**4/2 + 5*u**3/6 - 7*u**2/2 + 2*u - 28. What is b(-5)?
-7
Let n(d) = d**2 + d - 5. Suppose 8 = 2*p - 0*p. Let l(o) = 3*o - 4. Let c(u) = -u + 1. Let g(r) = 8*c(r) + 3*l(r). Let w be g(p). Calculate n(w).
-5
Let w = 12 + -10. Let p be (-4)/(-2 - (2 - w)). Let l(k) = -k**p + 0*k + 4*k + 5 - 4. Determine l(4).
1
Suppose 3*k = -5*u - 4 - 31, 3*u + 3*k = -15. Let h = 15 + u. Let i(n) = -3*n + 4. Let c(v) = v - 1. Let t(s) = -2*c(s) - i(s). Give t(h).
3
Suppose -3*r = -5*a - r - 58, r - 47 = 4*a. Let b(l) = -l**2 - 12*l + 8. Determine b(a).
8
Let f be ((-2)/4)/((-3)/12). Let r(a) = 0 + f*a + 3 - 6 + 0. Give r(-3).
-9
Suppose 4*b + 0*b - 8 = 0. Let g be (-3)/(b*(-6)/4). Let a(n) = 6*n - 13*n - 4 + 4. What is a(g)?
-7
Let t(r) = -3*r**3 - r**2 + r + 5. Let n be t(0). Let y(p) = n + 6*p - 5*p - 4 - 6. Give y(6).
1
Let j(f) be the third derivative of 5*f**4/24 - f**3/3 + 25*f**2. Suppose o - 2*o - 17 = 0. Let x(d) = 15*d - 5. Let p(q) = o*j(q) + 6*x(q). Calculate p(-3).
-11
Suppose -49 = 2*j - 5*y, 0*j + 28 = -2*j - 2*y. Let d(t) = -14*t. Let a(g) = 5*g. Let q(m) = j*a(m) - 6*d(m). Let p be 1 + (5 - (1 - 0)). Calculate q(p).
-5
Let r be ((-4 + (7 - 4))*0)/(-3). Let o(u) = -u**3 - u - 4*u**2 - u**2 + 0*u - 14 + 4*u**2. Determine o(r).
-14
Let p be 7 - (-1)/(1/(-1)). Let a(d) = -d - 3. Let s(j) be the third derivative of -j**4/24 - j**3/3 + 10*j**2. Let g(u) = 5*a(u) - 6*s(u). Determine g(p).
3
Suppose 2*x - 6 + 0 = 0. Suppose 0*z + 4*z + 18 = 2*q, x*q + 4*z = 7. Let y(b) = -b**2 + 6*b - 7. What is y(q)?
-2
Let x(d) = -d**2 + d. Let p(k) = -k**2 - 9*k + 6. Let a(c) = p(c) - 2*x(c). Let f(s) = s**3 + 5*s**2 + 2*s - 2. Let b be f(-3). What is a(b)?
-4
Let r be -1 + 2/1 - (-16 - -15). Let o(n) = -2 + 0 + 4*n**r - 3 - n**3 + 5*n + 0*n**3. Let b be 1*2*5/2. Give o(b).
-5
Let r(b) = -3*b + 14. Let y(z) = 8*z**3 + z**2 - 10*z + 9. Let t be y(1). Give r(t).
-10
Let w(u) be the second derivative of -3*u**5/20 + u**4/12 + u**3/6 - u**2/2 + 44*u. Let f = 3 - 2. Calculate w(f).
-2
Let s be 22*(2/4)/(-73 - -72). Let i(o) = o**2 + 14*o + 28. Give i(s).
-5
Suppose 18*k + 26 = 5*k. Let c(r) = -21*r + 1. Calculate c(k).
43
Let c(d) be the first derivative of -3*d + 39 + 1/2*d**2. Calculate c(10).
7
Let u be -1*(-1 + 2) + -4. Let l(j) = -4*j - 3 + 4 - 4 + 1. Let r(p) = 3*p + 2. Let x(t) = u*r(t) - 4*l(t). Determine x(-5).
-7
Let s(g) be the third derivative of g**4/24 - 5*g**3/6 + g**2. Let o(x) = 2*x**3 - 10*x**2 + 6*x + 4. Let r be o(6). Let f be (-18)/81 + r/18. Give s(f).
1
Let y(p) = 4552*p**2 + 6 - 5*p + 10*p - 4551*p**2. Let o = -4 - 1. Calculate y(o).
6
Suppose -5*w = -5*p, 5*w - 4*p = -7*p - 16. Let o(j) = 19*j - 1. Determine o(w).
-39
Let n(o) = -3*o**3 - 3*o**2 - o - 1. Suppose -1246 + 1256 = -5*u. Calculate n(u).
13
Let k be (-2 + -1)/((-1)/1). Let x be (64/6)/8*3. Let s(f) = -6 - 2 + x + 5 - f - f**2. Calculate s(k).
-11
Let s = -41 + 44. Let q(m) = s + 0*m - 6 + m - 5. Give q(0).
-8
Let p be (-5)/(-3) + (-6)/(-18). Let z(g) = -4 + 7*g - 2 - 1 - g**p. Suppose -m - 2*c + 6 = -c, c + 4 = m. Determine z(m).
3
Let o(f) = -f**2 - 7*f - 5. Let x = 39 + -16. Suppose 5 + x = -4*t. What is o(t)?
-5
Let s(v) = -52*v - 11. Let b(k) = -88*k - 21. Let l(o) = 3*b(o) - 5*s(o). Calculate l(-2).
0
Let x(b) = -2*b - 3. Let a = -29 - -28. Let t(h) = -2*h - 1. Let r be t(a). Suppose g = -r - 1. What is x(g)?
1
Let u(i) = i**2 + 7*i. Let d(m) = m**2 + 29*m + 50. Let n be d(-27). Determine u(n).
-12
Let p(a) = -5*a - 2. Let i(j) = j**2 + 5*j - 4. Let y be i(-5). Let k = 0 - y. Suppose 0 = -5*z + k*q - 18, -z - 4*q + 6 = -0*z. Determine p(z).
8
Let g(w) be the third derivative of w**8/20160 + w**7/840 - w**6/120 - w**5/12 - 17*w**2. Let d(u) be the third derivative of g(u). Determine d(-5).
-11
Let j be 10/3*(-3)/(-2). Suppose -j*h + 4 + 1 = 0. Let q(b) = 2 + h - 10 - 1 - b. Calculate q(-5).
-3
Let a(d) = -d**3 - 3*d**2 + 8*d - 9. Let u(l) = 2*l**3 + 4*l**2 - 15*l + 17. Let r(j) = 5*a(j) + 2*u(j). Calculate r(-8).
-27
Let m(w) be the third derivative of -w**5/60 + 7*w**4/24 + w**3/3 + 99*w**2. Calculate m(6).
8
Let b(o) = -4*o**2 - 3 + 5*o**2 + 2*o + 8. Let p(f) = -f**2 - 6*f - 11. Let a be p(-4). Let d be b(a). Let j(x) = -x + 13. Give j(d).
5
Let t(y) = -29*y + 116. Let h be t(4). Let z(k) = -k**3 + 4*k**2 + 4*k - 28. Let q(a) = -a**3 + 3*a**2 + 3*a - 27. Let n(g) = 3*q(g) - 2*z(g). Give n(h).
-25
Let v be -7*(-2)/(-14) - 3. Let y(m) = m**3 + 5*m**2 + 4*m. Calculate y(v).
0
Let d(a) = -3*a - 2. Let m(h) = -h**3 + 3*h. Let y be m(2). What is d(y)?
4
Let p(g) = -101 + 7*g - 4*g**2 + 105 + 2*g**2. What is p(7)?
-45
Let c(d) = 6*d - 11. Let x(w) = -19*w + 36. Let h(j) = -7*c(j) - 2*x(j). What is h(7)?
-23
Let x(b) = -1 - b**3 - 2 + 3*b**2 + 2 - 3*b. Give x(3).
-10
Let x(h) = 6*h. Let k(o) = -5*o - 2. Let r(m) = -5*k(m) - 4*x(m). Calculate r(-8).
2
Let r(w) = w**2 + 12*w - 11. Let f be r(-13). Let y(z) = -z**3 + 6*z**f + 4*z - 5*z + 6*z. Calculate y(7).
-14
Let d(y) = 4*y**3 - 25*y - 26. Let x be d(-1). Let l(h) = -2*h**2 - 6*h + 7. Give l(x).
-13
Let u(g) = 0*g**2 - 16*g - g**2 + 2*g + 9*g - 2 + 8*g. Let q(z) = -4*z - 1. Let c be q(-1). Determine u(c).
-2
Let x(n) = -8*n - 7. Let m(b) = 15*b + 17. Let i(o) = -5*o + 0*o - 10*o - 16. Let v(d) = -4*i(d) - 3*m(d). Let q(a) = 6*v(a) + 11*x(a). Calculate q(-4).
-7
Let f = 12 + -8. Let h be 6/f*84/18. Let a(d) = -4*d + d - 4 + h. Calculate a(2).
-3
Let x(i) be the first derivative of i**7/840 - i**6/72 + i**5/40 - i**4/12 - 13*i**3/3 - 10. Let w(c) be the third derivative of x(c). Give w(4).
-6
Let h(t) = -9*t. Let o be (3 - (-115)/(-25))/((-2)/10). Suppose -o = s - 3*u, s + 3*u + 0*u = 10. What is h(s)?
-9
Let p be 12*-1*(-1)/(-2). Let i(s) = 2*s**2 + 8*s**2 + 5 + s**2 - 9*s - 12*s**2. Determine i(p).
23
Let y(h) = 49 - 